[INFO] cloning repository https://github.com/ELD/hackassembler-rs
[INFO] running `Command { std: "git" "-c" "credential.helper=" "-c" "credential.helper=/workspace/cargo-home/bin/git-credential-null" "clone" "--bare" "https://github.com/ELD/hackassembler-rs" "/workspace/cache/git-repos/https%3A%2F%2Fgithub.com%2FELD%2Fhackassembler-rs", kill_on_drop: false }`
[INFO] [stderr] Cloning into bare repository '/workspace/cache/git-repos/https%3A%2F%2Fgithub.com%2FELD%2Fhackassembler-rs'...
[INFO] running `Command { std: "git" "rev-parse" "HEAD", kill_on_drop: false }`
[INFO] [stdout] 3c3a9a28f43251b825e75be9d9880a58569c3580
[INFO] checking ELD/hackassembler-rs against master#af3c6e733a40e671550e0f0f5aeecaa13772ba56 for pr-74989
[INFO] running `Command { std: "git" "clone" "/workspace/cache/git-repos/https%3A%2F%2Fgithub.com%2FELD%2Fhackassembler-rs" "/workspace/builds/worker-9/source", kill_on_drop: false }`
[INFO] [stderr] Cloning into '/workspace/builds/worker-9/source'...
[INFO] [stderr] done.
[INFO] validating manifest of git repo https://github.com/ELD/hackassembler-rs on toolchain af3c6e733a40e671550e0f0f5aeecaa13772ba56
[INFO] running `Command { std: "/workspace/cargo-home/bin/cargo" "+af3c6e733a40e671550e0f0f5aeecaa13772ba56" "read-manifest" "--manifest-path" "Cargo.toml", kill_on_drop: false }`
[INFO] started tweaking git repo https://github.com/ELD/hackassembler-rs
[INFO] finished tweaking git repo https://github.com/ELD/hackassembler-rs
[INFO] tweaked toml for git repo https://github.com/ELD/hackassembler-rs written to /workspace/builds/worker-9/source/Cargo.toml
[INFO] crate git repo https://github.com/ELD/hackassembler-rs already has a lockfile, it will not be regenerated
[INFO] running `Command { std: "/workspace/cargo-home/bin/cargo" "+af3c6e733a40e671550e0f0f5aeecaa13772ba56" "fetch" "--locked" "--manifest-path" "Cargo.toml", kill_on_drop: false }`
[INFO] [stderr] error: the lock file /workspace/builds/worker-9/source/Cargo.lock needs to be updated but --locked was passed to prevent this
[INFO] [stderr] If you want to try to generate the lock file without accessing the network, use the --offline flag.
[INFO] the lockfile is outdated, regenerating it
[INFO] running `Command { std: "/workspace/cargo-home/bin/cargo" "+af3c6e733a40e671550e0f0f5aeecaa13772ba56" "generate-lockfile" "--manifest-path" "Cargo.toml" "-Zno-index-update", kill_on_drop: false }`
[INFO] running `Command { std: "/workspace/cargo-home/bin/cargo" "+af3c6e733a40e671550e0f0f5aeecaa13772ba56" "fetch" "--locked" "--manifest-path" "Cargo.toml", kill_on_drop: false }`
[INFO] running `Command { std: "docker" "create" "-v" "/var/lib/crater-agent-workspace/builds/worker-9/target:/opt/rustwide/target:rw,Z" "-v" "/var/lib/crater-agent-workspace/builds/worker-9/source:/opt/rustwide/workdir:ro,Z" "-v" "/var/lib/crater-agent-workspace/cargo-home:/opt/rustwide/cargo-home:ro,Z" "-v" "/var/lib/crater-agent-workspace/rustup-home:/opt/rustwide/rustup-home:ro,Z" "-e" "SOURCE_DIR=/opt/rustwide/workdir" "-e" "CARGO_TARGET_DIR=/opt/rustwide/target" "-e" "CARGO_HOME=/opt/rustwide/cargo-home" "-e" "RUSTUP_HOME=/opt/rustwide/rustup-home" "-w" "/opt/rustwide/workdir" "-m" "1610612736" "--user" "0:0" "--network" "none" "rustops/crates-build-env@sha256:d92eaeed33fa75130ca1ee6c8a01d1ffb62bac859dfdfb3450e3e5d1c0146529" "/opt/rustwide/cargo-home/bin/cargo" "+af3c6e733a40e671550e0f0f5aeecaa13772ba56" "metadata" "--no-deps" "--format-version=1", kill_on_drop: false }`
[INFO] [stdout] d723629042a620caeaee5fab3475a4a6576b26d5fc068b2d0ad0fdda7988486e
[INFO] [stderr] WARNING: Your kernel does not support swap limit capabilities or the cgroup is not mounted. Memory limited without swap.
[INFO] running `Command { std: "docker" "start" "-a" "d723629042a620caeaee5fab3475a4a6576b26d5fc068b2d0ad0fdda7988486e", kill_on_drop: false }`
[INFO] running `Command { std: "docker" "inspect" "d723629042a620caeaee5fab3475a4a6576b26d5fc068b2d0ad0fdda7988486e", kill_on_drop: false }`
[INFO] running `Command { std: "docker" "rm" "-f" "d723629042a620caeaee5fab3475a4a6576b26d5fc068b2d0ad0fdda7988486e", kill_on_drop: false }`
[INFO] [stdout] d723629042a620caeaee5fab3475a4a6576b26d5fc068b2d0ad0fdda7988486e
[INFO] running `Command { std: "docker" "create" "-v" "/var/lib/crater-agent-workspace/builds/worker-9/target:/opt/rustwide/target:rw,Z" "-v" "/var/lib/crater-agent-workspace/builds/worker-9/source:/opt/rustwide/workdir:ro,Z" "-v" "/var/lib/crater-agent-workspace/cargo-home:/opt/rustwide/cargo-home:ro,Z" "-v" "/var/lib/crater-agent-workspace/rustup-home:/opt/rustwide/rustup-home:ro,Z" "-e" "SOURCE_DIR=/opt/rustwide/workdir" "-e" "CARGO_TARGET_DIR=/opt/rustwide/target" "-e" "CARGO_INCREMENTAL=0" "-e" "RUST_BACKTRACE=full" "-e" "RUSTFLAGS=--cap-lints=forbid" "-e" "CARGO_HOME=/opt/rustwide/cargo-home" "-e" "RUSTUP_HOME=/opt/rustwide/rustup-home" "-w" "/opt/rustwide/workdir" "-m" "1610612736" "--user" "0:0" "--network" "none" "rustops/crates-build-env@sha256:d92eaeed33fa75130ca1ee6c8a01d1ffb62bac859dfdfb3450e3e5d1c0146529" "/opt/rustwide/cargo-home/bin/cargo" "+af3c6e733a40e671550e0f0f5aeecaa13772ba56" "check" "--frozen" "--all" "--all-targets" "--message-format=json", kill_on_drop: false }`
[INFO] [stdout] 1a161e8328d24fa0c8e088fb90003f7814292ba77df11d53abdf5731132df0af
[INFO] [stderr] WARNING: Your kernel does not support swap limit capabilities or the cgroup is not mounted. Memory limited without swap.
[INFO] running `Command { std: "docker" "start" "-a" "1a161e8328d24fa0c8e088fb90003f7814292ba77df11d53abdf5731132df0af", kill_on_drop: false }`
[INFO] [stderr]    Compiling memchr v2.3.3
[INFO] [stderr]     Checking lazy_static v1.4.0
[INFO] [stderr]     Checking regex-syntax v0.6.18
[INFO] [stderr]     Checking thread_local v1.0.1
[INFO] [stderr]     Checking aho-corasick v0.7.13
[INFO] [stderr]     Checking regex v1.3.9
[INFO] [stderr]     Checking hackassembler v0.1.0 (/opt/rustwide/workdir)
[INFO] [stdout] error[E0599]: no method named `at` found for struct `regex::Captures<'_>` in the current scope
[INFO] [stdout]   --> src/syntax/lex.rs:48:17
[INFO] [stdout]    |
[INFO] [stdout] 48 |         capture.at(1).unwrap().trim()
[INFO] [stdout]    |                 ^^ method not found in `regex::Captures<'_>`
[INFO] [stdout] 
[INFO] [stdout] 
[INFO] [stdout] error[E0599]: no method named `at` found for struct `regex::Captures<'_>` in the current scope
[INFO] [stdout]   --> src/syntax/parse.rs:34:37
[INFO] [stdout]    |
[INFO] [stdout] 34 |                 let digit = capture.at(1).unwrap();
[INFO] [stdout]    |                                     ^^ method not found in `regex::Captures<'_>`
[INFO] [stdout] 
[INFO] [stdout] 
[INFO] [stdout] error[E0599]: no method named `at` found for struct `regex::Captures<'_>` in the current scope
[INFO] [stdout]    --> src/syntax/parse.rs:123:37
[INFO] [stdout]     |
[INFO] [stdout] 123 |                 let label = capture.at(1).unwrap();
[INFO] [stdout]     |                                     ^^ method not found in `regex::Captures<'_>`
[INFO] [stdout] 
[INFO] [stdout] 
[INFO] [stdout] error: aborting due to 3 previous errors
[INFO] [stdout] 
[INFO] [stdout] 
[INFO] [stdout] For more information about this error, try `rustc --explain E0599`.
[INFO] [stdout] 
[INFO] [stdout] error[E0599]: no method named `at` found for struct `regex::Captures<'_>` in the current scope
[INFO] [stdout]   --> src/syntax/lex.rs:48:17
[INFO] [stdout]    |
[INFO] [stdout] 48 |         capture.at(1).unwrap().trim()
[INFO] [stdout]    |                 ^^ method not found in `regex::Captures<'_>`
[INFO] [stdout] 
[INFO] [stdout] 
[INFO] [stderr] error: could not compile `hackassembler`.
[INFO] [stderr] 
[INFO] [stderr] To learn more, run the command again with --verbose.
[INFO] [stderr] warning: build failed, waiting for other jobs to finish...
[INFO] [stdout] error[E0599]: no method named `at` found for struct `regex::Captures<'_>` in the current scope
[INFO] [stdout]   --> src/syntax/parse.rs:34:37
[INFO] [stdout]    |
[INFO] [stdout] 34 |                 let digit = capture.at(1).unwrap();
[INFO] [stdout]    |                                     ^^ method not found in `regex::Captures<'_>`
[INFO] [stdout] 
[INFO] [stdout] 
[INFO] [stdout] error[E0599]: no method named `at` found for struct `regex::Captures<'_>` in the current scope
[INFO] [stdout]    --> src/syntax/parse.rs:123:37
[INFO] [stdout]     |
[INFO] [stdout] 123 |                 let label = capture.at(1).unwrap();
[INFO] [stdout]     |                                     ^^ method not found in `regex::Captures<'_>`
[INFO] [stdout] 
[INFO] [stdout] 
[INFO] [stdout] warning: unused import: `std::io::prelude`
[INFO] [stdout]   --> src/syntax/lex.rs:66:9
[INFO] [stdout]    |
[INFO] [stdout] 66 |     use std::io::prelude::*;
[INFO] [stdout]    |         ^^^^^^^^^^^^^^^^
[INFO] [stdout]    |
[INFO] [stdout]    = note: `#[warn(unused_imports)]` on by default
[INFO] [stdout] 
[INFO] [stdout] 
[INFO] [stderr] error: build failed
[INFO] [stdout] error: aborting due to 3 previous errors; 1 warning emitted
[INFO] [stdout] 
[INFO] [stdout] 
[INFO] [stdout] For more information about this error, try `rustc --explain E0599`.
[INFO] [stdout] 
[INFO] running `Command { std: "docker" "inspect" "1a161e8328d24fa0c8e088fb90003f7814292ba77df11d53abdf5731132df0af", kill_on_drop: false }`
[INFO] running `Command { std: "docker" "rm" "-f" "1a161e8328d24fa0c8e088fb90003f7814292ba77df11d53abdf5731132df0af", kill_on_drop: false }`
[INFO] [stdout] 1a161e8328d24fa0c8e088fb90003f7814292ba77df11d53abdf5731132df0af
